0.
30
Calculate the greatest common divisor of 213 and 71.
71
Calculate the greatest common divisor of 28 and 6454.
14
What is the highest common divisor of 70320 and 15?
15
What is the greatest common factor of 35371 and 163?
163
Calculate the highest common divisor of 1003 and 2363.
17
What is the highest common factor of 676 and 6?
2
Calculate the greatest common divisor of 20 and 125.
5
What is the greatest common factor of 70 and 56?
14
What is the highest common factor of 5346 and 81?
81
Calculate the highest common factor of 5632 and 616.
88
Calculate the greatest common divisor of 326 and 2.
2
What is the highest common factor of 1102 and 76?
38
Calculate the highest common divisor of 222 and 78699.
111
What is the highest common factor of 3168 and 18?
18
What is the highest common divisor of 26 and 18?
2
What is the greatest common factor of 1360 and 476?
68
What is the greatest common factor of 105 and 3?
3
Calculate the greatest common divisor of 54 and 24.
6
Calculate the highest common factor of 64 and 4288.
64
What is the greatest common divisor of 96 and 3?
3
Calculate the highest common factor of 217 and 31.
31
What is the highest common factor of 6 and 422?
2
Calculate the highest common divisor of 163 and 26243.
163
Calculate the highest common factor of 1677 and 1419.
129
Calculate the greatest common divisor of 1425 and 171.
57
What is the greatest common factor of 4 and 43?
1
What is the greatest common factor of 2958 and 1392?
174
Calculate the greatest common divisor of 13 and 559.
13
Calculate the greatest common divisor of 6419 and 262.
131
What is the highest common factor of 4033 and 545?
109
What is the greatest common factor of 21 and 24?
3
Calculate the greatest common factor of 18 and 5958.
18
What is the highest common factor of 9 and 2709?
9
What is the highest common divisor of 396 and 288?
36
Calculate the greatest common divisor of 470 and 20.
10
What is the greatest common divisor of 1288 and 8?
8
What is the greatest common factor of 16 and 1024?
16
What is the highest common factor of 253 and 55?
11
Calculate the greatest common divisor of 21 and 35.
7
What is the greatest common divisor of 4089 and 783?
87
Calculate the highest common factor of 96 and 2144.
32
What is the greatest common divisor of 18 and 9?
9
What is the greatest common divisor of 24 and 1308?
12
What is the greatest common factor of 29 and 2117?
29
Calculate the highest common divisor of 16 and 72.
8
Calculate the highest common divisor of 75 and 39.
3
Calculate the highest common divisor of 112 and 252.
28
Calculate the highest common divisor of 6 and 276.
6
What is the greatest common divisor of 9775 and 85?
85
What is the greatest common factor of 67 and 134?
67
What is the greatest common divisor of 28 and 70?
14
What is the greatest common divisor of 3 and 4647?
3
What is the greatest common divisor of 2197 and 13?
13
Calculate the highest common factor of 18975 and 75.
75
Calculate the highest common divisor of 26 and 2912.
26
Calculate the greatest common factor of 33 and 22.
11
Calculate the highest common divisor of 15 and 7795.
5
Calculate the greatest common divisor of 208 and 52.
52
Calculate the highest common factor of 24 and 228.
12
What is the highest common factor of 870 and 105?
15
What is the highest common divisor of 1496 and 5032?
136
Calculate the highest common factor of 32 and 1504.
32
Calculate the greatest common factor of 30 and 50.
10
Calculate the greatest common divisor of 132 and 198.
66
Calculate the highest common divisor of 207 and 81.
9
What is the highest common factor of 90 and 21870?
90
What is the highest common factor of 34 and 136?
34
What is the highest common divisor of 4 and 128?
4
Calculate the greatest common divisor of 255 and 51.
51
What is the greatest common factor of 240 and 192?
48
Calculate the greatest common factor of 29293 and 11.
11
What is the greatest common factor of 84 and 56?
28
Calculate the greatest common factor of 615 and 1599.
123
What is the highest common divisor of 792 and 144?
72
What is the highest common divisor of 278 and 1529?
139
What is the highest common factor of 31 and 341?
31
What is the greatest common divisor of 8 and 2152?
8
What is the greatest common divisor of 45 and 1296?
9
Calculate the greatest common factor of 451 and 123.
41
What is the highest common factor of 1112 and 24?
8
What is the highest common divisor of 71 and 11573?
71
What is the highest common divisor of 12430 and 113?
113
Calculate the greatest common factor of 42 and 3.
3
Calculate the highest common divisor of 2106 and 286.
26
Calculate the greatest common factor of 12518 and 22.
22
Calculate the highest common divisor of 10 and 51700.
10
What is the greatest common factor of 3648 and 768?
192
What is the greatest common factor of 20 and 68?
4
What is the highest common divisor of 2808 and 81?
27
Calculate the highest common factor of 38 and 133.
19
What is the highest common divisor of 37723 and 238?
119
What is the highest common divisor of 120 and 1380?
60
What is the greatest common factor of 96 and 324?
12
Calculate the highest common divisor of 64 and 12.
4
Calculate the highest common factor of 60 and 65.
5
Calculate the greatest common divisor of 17100 and 15.
15
Calculate the greatest common factor of 1180 and 20.
20
Calculate the greatest common factor of 15816 and 24.
24
Calculate the highest common factor of 168 and 960.
24
Calculate the highest common factor of 99 and 27.
9
Calculate the highest common factor of 7194 and 66.
66
What is the greatest common factor of 8554 and 26?
26
What is the greatest common divisor of 50 and 4?
2
What is the greatest common divisor of 2480 and 50?
10
What is the greatest common divisor of 48 and 512?
16
What is the highest common divisor of 666 and 74?
74
What is the highest common factor of 2385 and 20?
5
What is the greatest common divisor of 15 and 93?
3
Calculate the greatest common divisor of 19 and 13927.
19
What is the greatest common factor of 47 and 141?
47
What is the highest common factor of 13255 and 55?
55
Calculate the greatest common divisor of 34 and 153.
17
What is the greatest common divisor of 320 and 60?
20
What is the greatest common divisor of 216 and 960?
24
What is the highest common divisor of 25 and 2725?
25
Calculate the highest common factor of 5401 and 11.
11
What is the highest common divisor of 4 and 356?
4
What is the greatest common divisor of 473 and 43?
43
What is the greatest common divisor of 121 and 11?
11
Calculate the highest common divisor of 42 and 406.
14
What is the highest common divisor of 513 and 405?
27
What is the greatest common factor of 763 and 175?
7
Calculate the highest common divisor of 29 and 841.
29
Calculate the greatest common factor of 15 and 9.
3
Calculate the greatest common factor of 20 and 2710.
10
Calculate the highest common divisor of 4 and 428.
4
What is the greatest common factor of 150 and 6425?
25
Calculate the greatest common factor of 1375 and 1000.
125
What is the greatest common divisor of 203 and 899?
29
Calculate the highest common divisor of 2400 and 75.
75
What is the greatest common divisor of 405 and 567?
81
Calculate the highest common divisor of 7 and 133.
7
What is the highest common factor of 126 and 30?
6
Calculate the highest common divisor of 213 and 12.
3
What is the greatest common factor of 2585 and 188?
47
Calculate the greatest common divisor of 13209 and 21.
21
Calculate the greatest common divisor of 4 and 57.
1
What is the greatest common divisor of 33 and 1155?
33
Calculate the greatest common divisor of 368 and 138.
46
Calculate the highest common factor of 116 and 28.
4
Calculate the highest common factor of 6285 and 45.
15
Calculate the highest common factor of 1131 and 87.
87
What is the greatest common factor of 462 and 42?
42
What is the highest common factor of 996 and 192?
12
Calculate the greatest common divisor of 3114 and 288.
18
What is the greatest common factor of 76 and 4?
4
What is the highest common divisor of 24 and 40?
8
Calculate the greatest common factor of 192 and 33.
3
Calculate the greatest common divisor of 16 and 4432.
16
Calculate the greatest common factor of 10360 and 700.
140
What is the highest commo